Let j(s) = 2*s**3 + 31*s**2 + 12*s - 37. Calculate j(-15).
8
Let p(q) = 80*q**3 - q**2. Determine p(1).
79
Let f(s) = 2*s + 25. Calculate f(-12).
1
Let b(w) = -72*w + 932. Calculate b(13).
-4
Let f(y) = 57*y + 419. Determine f(-8).
-37
Let c(p) = -p**2 + 17*p - 4. What is c(16)?
12
Let c(r) = 44*r + 86. What is c(-2)?
-2
Let k(x) = 2*x**2 + 12*x + 2. What is k(-9)?
56
Let u(m) = 5*m**2 + 40*m + 5. Give u(-8).
5
Let s(p) = -21*p - 67. Determine s(-3).
-4
Let z(g) = -3*g**2 - g + 4. Calculate z(-3).
-20
Let t(z) = -z - 13. What is t(-10)?
-3
Let f(x) = 20*x - 2. Determine f(2).
38
Let a(m) = m**2 - 16*m + 41. Give a(5).
-14
Let u(c) = -5*c**2 - 2*c. What is u(2)?
-24
Let s(l) = -15*l + 3. What is s(3)?
-42
Let p(m) = m**2 - 13*m - 5. Calculate p(13).
-5
Let x(s) = -s**3 - 7*s**2 - s - 14. Calculate x(-7).
-7
Let l(j) = j + 5. What is l(-10)?
-5
Let c(m) = 2*m - 44. Calculate c(26).
8
Let d(i) = i**3 - 20*i**2 - i + 6. Give d(20).
-14
Let p(v) = -v**2 + 13*v - 9. Give p(11).
13
Let c(n) = -n**3 + 3*n + 7. Calculate c(0).
7
Let k(w) = -12*w**2 - w + 2. What is k(-2)?
-44
Let l(w) = -6*w + 3. Give l(-2).
15
Let b(t) = 4*t + 4. Give b(4).
20
Let i(l) = -l**3 + 3*l**2 + 7*l - 10. Give i(4).
2
Let q(r) = -17*r**2 + r. Determine q(1).
-16
Let i(p) = 5*p. Determine i(1).
5
Let h(r) = -55*r**2 + 5*r - 6. Calculate h(1).
-56
Let b(q) = 3*q - 43. Give b(16).
5
Let m(y) = -y**2 - 10*y - 5. Give m(-9).
4
Let g(l) = -l**3 - 11*l**2 - l - 14. What is g(-11)?
-3
Let l(n) = -2*n - 28. Determine l(0).
-28
Let u(a) = -a**2 - 2*a + 5. Give u(-3).
2
Let v(b) = b**3 + 3*b**2 - b + 3. Calculate v(-3).
6
Let m(j) = -j**2 + 2*j + 8. Give m(0).
8
Let l(v) = 3*v + 1. Calculate l(3).
10
Let h(k) = -k**3 - 8*k**2 - 12*k + 11. Determine h(-5).
-4
Let b(o) = 74*o**3 + o**2 - 2*o + 2. Determine b(1).
75
Let p(i) = 8*i**3 - 3*i - 2. Determine p(-1).
-7
Let b(s) = -4*s**3 - 3*s**2 + 1. Calculate b(-1).
2
Let p(x) = 11*x - 4. Give p(3).
29
Let f(y) = -y + 15. Determine f(9).
6
Let n(i) = 2*i**3 + i - 3. What is n(2)?
15
Let l(r) = -2*r - 39. What is l(-11)?
-17
Let d(y) = -y**3 + y**2 + 46*y - 15. Calculate d(7).
13
Let p(n) = -n**3 - 17*n**2 + 40*n + 41. Determine p(-19).
3
Let w(d) = -4*d - 75. Give w(7).
-103
Let a(d) = -d**2 - d + 14. Determine a(-5).
-6
Let i(u) = -8*u - 210. Determine i(-27).
6
Let w(y) = y**3 + 4*y**2 - 5*y + 1. Calculate w(-5).
1
Let l(k) = k**3 + 4*k**2 - 2*k + 6. Give l(-5).
-9
Let r(c) = c**3 + 7*c**2 + 2*c + 5. Determine r(-7).
-9
Let y(r) = r**2 + 17*r + 44. What is y(-12)?
-16
Let h(n) = -n**2 + 6*n - 5. What is h(3)?
4
Let f(w) = w**3 - 4*w**2 - 8*w - 10. Give f(5).
-25
Let c(s) = 26*s**2 - 10*s + 14. Calculate c(2).
98
Let r(l) = 4*l + 82. Determine r(-13).
30
Let a(b) = -b**2 + 13*b - 11. Calculate a(5).
29
Let q(z) = z**2 - 5*z + 3. Give q(-5).
53
Let l(m) = 4*m**2 - 4*m - 6. What is l(-2)?
18
Let m(r) = 17*r. What is m(1)?
17
Let w(j) = -j**3 - 10*j**2 - 16*j + 4. Determine w(-8).
4
Let m(y) = -y + 11. Determine m(8).
3
Let m(g) = -g**2 - 5*g - 5. Determine m(-7).
-19
Let g(r) = 10*r**3 - 6*r**2 + 2*r + 2. Determine g(2).
62
Let x(f) = -5*f + 27. Calculate x(10).
-23
Let n(x) = 2*x**2 - 3*x - 6. Give n(-4).
38
Let h(f) = -f**3 - 9*f**2 + 20*f - 13. Determine h(-11).
9
Let g(a) = -a**3 + 11*a**2 - 26*a + 62. Give g(9).
-10
Let c(n) = -n**2 + 12*n + 100. Determine c(18).
-8
Let o(u) = u**3 - 9*u**2. Give o(9).
0
Let y(h) = h - 5. Give y(11).
6
Let v(w) = 14*w - 6. Determine v(2).
22
Let o(w) = -w**2 - 23*w + 99. Determine o(-27).
-9
Let n(z) = -z**3 - 16*z**2 + 17*z + 11. Calculate n(-17).
11
Let a(w) = 44*w + 86. Calculate a(-5).
-134
Let d(b) = -b**3 + 5*b**2 - b - 5. What is d(4)?
7
Let k(t) = -t**2 - 8*t - 3. Calculate k(-8).
-3
Let u(q) = -23*q**3 - q - 1. What is u(-1)?
23
Let s(z) = -z**2 + 2*z - 6. Calculate s(5).
-21
Let m(l) = -3*l**2 - 12*l - 1. What is m(-4)?
-1
Let c(k) = k**3 + 3*k**2 - k + 14. Calculate c(-4).
2
Let r(y) = 7*y + 3. What is r(2)?
17
Let a(k) = -k**3 + 2*k**2 + 2*k - 3. Calculate a(2).
1
Let d(q) = q**2 + 6*q + 5. Calculate d(-7).
12
Let n(a) = -a**3 + 9*a + 20. What is n(-4)?
48
Let q(v) = -v**3 + 8*v**2 + 7*v - 4. Give q(8).
52
Let l(r) = -16*r - 61. Calculate l(-4).
3
Let k(b) = 120*b**3 + b**2 - b. What is k(1)?
120
Let o(q) = -3*q**2 - q. Calculate o(2).
-14
Let s(g) = 14*g + 3. What is s(2)?
31
Let w(z) = -z**2 - 13*z + 52. Calculate w(3).
4
Let g(k) = -11*k**2 - 3*k - 30. Calculate g(0).
-30
Let x(u) = 4*u - 20. Determine x(6).
4
Let z(d) = -5*d + 28. Give z(11).
-27
Let g(u) = 14*u - 26. What is g(1)?
-12
Let c(f) = -f**2 + 18*f + 12. Give c(18).
12
Let x(l) = -2*l**3 - 8*l - 3. Give x(3).
-81
Let q(c) = 5*c**3 + 2*c**2 + 3*c - 8. Determine q(2).
46
Let y(s) = -s**2 - s - 2. Determine y(7).
-58
Let w(g) = -g**3 - 5*g**2 + 9*g - 27. What is w(-7)?
8
Let y(g) = 10*g**3 - 3*g**2 + 2. Determine y(2).
70
Let k(p) = -4*p + 1. Determine k(2).
-7
Let b(o) = -o**3 + 6*o**2 - o + 17. Give b(6).
11
Let r(f) = -25*f**3 + f**2 + f. Calculate r(-1).
25
Let d(q) = -q**2 - 3*q + 5. Calculate d(-7).
-23
Let v(i) = -i + 9. Give v(7).
2
Let i(q) = -q**3 + 4*q**2 - 12. Determine i(0).
-12
Let f(n) = -n**2 - 10*n + 8. Calculate f(-9).
17
Let x(l) = -l**2 + 8*l - 3. Give x(4).
13
Let m(o) = 3*o + 12. Determine m(-5).
-3
Let w(g) = -35*g + 975. What is w(28)?
-5
Let j(w) = -11*w**3 + 2*w**2 + w - 2. Determine j(1).
-10
Let z(n) = -n**3 - 2*n**2 + 3*n + 3. Calculate z(-3).
3
Let y(i) = -2*i - 20. Calculate y(-4).
-12
Let b(m) = 8*m**3 + 2*m**2 - m - 2. What is b(-1)?
-7
Let k(n) = -n**2 - 13*n + 19. Give k(-14).
5
Let f(u) = -16*u**3 - u**2 + u + 1. What is f(-1)?
15
Let f(o) = 2*o - 10. What is f(7)?
4
Let z(f) = -11*f - 27. What is z(-3)?
6
Let j(s) = s**3 - 9*s**2 - 10*s + 5. Give j(10).
5
Let c(z) = -z**2 + 7*z + 23. What is c(6)?
29
Let w(b) = b - 16. Calculate w(-13).
-29
Let z(a) = a**2 - 16*a + 8. Calculate z(16).
8
Let f(j) = -12*j - 5. Determine f(8).
-101
Let g(n) = -n**2 - 29*n + 539. What is g(-42)?
-7
Let z(m) = m**2 - 15*m - 28. Give z(16).
-12
Let i(o) = -2*o + 21. Calculate i(0).
21
Let o(x) = -x**2 - 10*x. Give o(-7).
21
Let w(y) = 18*y. What is w(-1)?
-18
Let r(x) = -x**3 + 16*x**2 + 3*x - 18. What is r(16)?
30
Let v(z) = 16*z + 64. Determine v(-4).
0
Let g(l) = l**2 + l + 2. Determine g(3).
14
Let m(a) = 2*a - 27. What is m(14)?
1
Let t(v) = 2*v**2 - 10*v - 22. Calculate t(5).
-22
Let h(u) = u**3 + 3*u + 5. Calculate h(-2).
-9
Let a(o) = o**2 - o + 10. Give a(0).
10
Let c(m) = m**2 - 17*m - 21. Give c(18).
-3
Let f(m) = -3*m**2 - 2*m - 4. Calculate f(-2).
-12
Let l(b) = -b**3 + 7*b**2 - 10*b - 1. Calculate l(3).
5
Let u(f) = -f**3 + 22*f**2 + 21*f + 24. What is u(23)?
-22
Let b(q) = -9*q + 52. Determine b(4).
16
Let t(x) = 7*x**2 + 42*x - 1. What is t(-6)?
-1
Let n(i) = -3*i - 11. Give n(8).
-35
Let w(t) = -5*t**2 - 36*t - 9. Give w(-7).
-2
Let l(r) = r**3 + 5*r**2 - 7*r - 8. Calculate l(-6).
-2
Let z(h) = h**3 + 3*h**2 + h + 4. Calculate z(-4).
-16
Let q(v) = -4*v**2 - 3*v + 2. Determine q(1).
-5
Let h(r) = 3*r**2 + 7*r - 14. Determine h(-4).
6
Let w(q) = -q**2 + q - 1. Calculate w(5).
-21
Let v(x) = -27*x - 248. Give v(-9).
-5
Let m(q) = -289*q - 2608. Give m(-9).
-7
Let d(u) = u**3 + 18*u**2 + 17*u + 7. Calculate d(-17).
7
Let v(k) = 6*k**2 + 7*k - 5. Give v(3).
70
Let a(c) = -6*c - 181. What is a(-32)?
11
Let y(r) = r**2 + 19*r + 36. Determine y(-17).
2
Let y(t) = t + 42. What is y(-43)?
-1
Let n(t) = -t**3 - t**2 + 2*t + 1. Determine n(-1).
-1
Let m(h) = 3*h**2 + 4*h + 3. Give m(-1).
2
Let k(r) = r**3 + 10*r**2 + 3*r - 5. What is k(-6)?
121
Let o(z) = z**2 + 9*z - 11. Calculate o(-10).
-1
Let v(t) = 4*t**2 + t - 3. Calculate v(-3).
30
Let k(d) = 10*d - 41. Calculate k(12).
79
Let u(t) = -4*t - 6. Give u(-5).
14
Let y(o) = o**3 - o**2 - 6*o. Calculate y(-2).
0
Let q(o) = -7*o**2 + 5*o - 1. What is q(3)?
-49
Let m(g) = -g**3 - 9*g**2 - 15*g + 9. What is m(-6)?
-9
Let h(a) = 5*a**2 - 54*a - 5. Calculate h(11).
6
Let z(c) = 10*c - 33. Give z(7).
37
Let l(x) = -7*x**2 - 2*x. Determine l(-1).
-5
Let l(f) = -7*f - 24. Give l(-4).
4
Let v(z) = 4*z**2 - z - 1. Calculate v(2).
13
Let y(o) = o**2 - 8*o + 5. Calculate y(8).
5
Let y(i) = -i**2 - 22*i + 16. What is y(-21)?
37
Let k(w) = -38*w - 200. What is k(-6)?
28